{"id":19,"date":"2018-11-27T14:20:11","date_gmt":"2018-11-27T13:20:11","guid":{"rendered":"http:\/\/radio.tms-od.de\/wp-snapshots\/?page_id=19"},"modified":"2023-01-29T15:51:08","modified_gmt":"2023-01-29T14:51:08","slug":"mommsenfm","status":"publish","type":"page","link":"https:\/\/radio.tms-od.de\/index.php\/mommsenfm\/","title":{"rendered":"MommsenFM"},"content":{"rendered":"\n<h1 class=\"wp-block-heading\">\t\t\t\t\t\t\t<a href=\"http:\/\/mommsen-fm.de\/index.php\/de\/2-uncategorised\/1-mommsenfm.html\"><\/a>\t\t\t\t\t<\/h1>\n\n\n\n<p class=\"has-huge-font-size wp-block-paragraph\">MommsenFM<br><\/p>\n\n\n\n<p class=\"wp-block-paragraph\">\t\t\t\tGeschrieben von Mommsen FM. \t\t\t\t\t<\/p>\n\n\n\n<p class=\"wp-block-paragraph\">\u201eMommsenFM &#8211; <em>Dein junges Radio Bad Oldesloe<\/em>\u201c ist eine  Radio-Produktion von Sch\u00fclerinnen und Sch\u00fclern der  Theodor-Mommsen-Schule Bad Oldesloe. Unter der fachkundigen Anleitung  von Christian Greten werden vielf\u00e4ltige Radiobeitr\u00e4ge  produziert und regelm\u00e4\u00dfig live aus dem schuleigenen Studio des  Gymnasiums gesendet.<\/p>\n\n\n\n<p class=\"wp-block-paragraph\">Neugierig geworden? Dann schaltet ein!<\/p>\n\n\n\n<p class=\"wp-block-paragraph\"><strong>Wann: Jeden letzten Montag&nbsp;eines Monats um 16 Uhr<\/strong><\/p>\n\n\n\n<p class=\"wp-block-paragraph\"><strong>Wie:&nbsp; auf UKW 98,8 oder im Livestream auf <em><a href=\"http:\/\/www.okluebeck.de\">okluebeck.de<\/a><\/em><\/strong>&nbsp;<\/p>\n\n\n\n<p class=\"wp-block-paragraph\">Ihr wollt mehr \u00fcber MommsenFM wissen?<\/p>\n\n\n\n<p class=\"wp-block-paragraph\">Alle Infos \u00fcber uns und unsere Radioproduktion bekommt ihr hier!<\/p>\n\n\n\n\n\n<h2 class=\"wp-block-heading\">Alle Sendungen und Beitr\u00e4ge als Podcast<\/h2>\n\n\n\n<p>Alle MommsenFM Sendungen sowie spannende Interviews und Beitr\u00e4ge k\u00f6nnt ihr ab sofort auch als<strong> Podcast bei Spotify und Anchor <\/strong>nachh\u00f6ren. Ihr findet uns unter <strong>&#8222;Mommsen FM&#8220;<\/strong>. Ganz einfach <strong>kostenlos <\/strong>und <strong>ohne Registrierung <a href=\"https:\/\/open.spotify.com\/show\/3l4pihsWoVida6HCDlOOBu\" target=\"_blank\" rel=\"noreferrer noopener\">HIER<\/a>.<\/strong><\/p>\n","protected":false},"excerpt":{"rendered":"<p>MommsenFM Geschrieben von Mommsen FM. \u201eMommsenFM &#8211; Dein junges Radio Bad Oldesloe\u201c ist eine Radio-Produktion von Sch\u00fclerinnen und Sch\u00fclern der Theodor-Mommsen-Schule Bad Oldesloe. Unter der fachkundigen Anleitung von Christian Greten werden vielf\u00e4ltige Radiobeitr\u00e4ge produziert und regelm\u00e4\u00dfig live aus dem schuleigenen Studio des Gymnasiums gesendet. Neugierig geworden? Dann schaltet ein! Wann: Jeden letzten Montag&nbsp;eines Monats um &hellip; <\/p>\n<p class=\"link-more\"><a href=\"https:\/\/radio.tms-od.de\/index.php\/mommsenfm\/\" class=\"more-link\"><span class=\"screen-reader-text\">\u201eMommsenFM\u201c<\/span> weiterlesen<\/a><\/p>\n","protected":false},"author":1,"featured_media":0,"parent":0,"menu_order":0,"comment_status":"closed","ping_status":"closed","template":"","meta":{"_crdt_document":"","ngg_post_thumbnail":0,"footnotes":""},"class_list":["post-19","page","type-page","status-publish","hentry"],"_links":{"self":[{"href":"https:\/\/radio.tms-od.de\/index.php\/wp-json\/wp\/v2\/pages\/19","targetHints":{"allow":["GET"]}}],"collection":[{"href":"https:\/\/radio.tms-od.de\/index.php\/wp-json\/wp\/v2\/pages"}],"about":[{"href":"https:\/\/radio.tms-od.de\/index.php\/wp-json\/wp\/v2\/types\/page"}],"author":[{"embeddable":true,"href":"https:\/\/radio.tms-od.de\/index.php\/wp-json\/wp\/v2\/users\/1"}],"replies":[{"embeddable":true,"href":"https:\/\/radio.tms-od.de\/index.php\/wp-json\/wp\/v2\/comments?post=19"}],"version-history":[{"count":9,"href":"https:\/\/radio.tms-od.de\/index.php\/wp-json\/wp\/v2\/pages\/19\/revisions"}],"predecessor-version":[{"id":614,"href":"https:\/\/radio.tms-od.de\/index.php\/wp-json\/wp\/v2\/pages\/19\/revisions\/614"}],"wp:attachment":[{"href":"https:\/\/radio.tms-od.de\/index.php\/wp-json\/wp\/v2\/media?parent=19"}],"curies":[{"name":"wp","href":"https:\/\/api.w.org\/{rel}","templated":true}]}}